{"id":33,"date":"2024-04-08T17:11:05","date_gmt":"2024-04-08T17:11:05","guid":{"rendered":"https:\/\/cassianapfaffenzeller.com.br\/?page_id=33"},"modified":"2025-05-15T15:36:09","modified_gmt":"2025-05-15T18:36:09","slug":"cassiana-pfaffenzeller","status":"publish","type":"page","link":"https:\/\/cassianapfaffenzeller.com.br\/","title":{"rendered":"Cassiana Pfaffenzeller"},"content":{"rendered":"\t\t<div data-elementor-type=\"wp-page\" data-elementor-id=\"33\" class=\"elementor elementor-33\" data-elementor-post-type=\"page\">\n\t\t\t\t\t\t<section class=\"elementor-section elementor-top-section elementor-element elementor-element-66c5d07 elementor-section-height-min-height elementor-section-boxed elementor-section-height-default elementor-section-items-middle\" data-id=\"66c5d07\" data-element_type=\"section\" data-settings=\"{&quot;background_background&quot;:&quot;classic&quot;}\">\n\t\t\t\t\t\t\t<div class=\"elementor-background-overlay\"><\/div>\n\t\t\t\t\t\t\t<div class=\"elementor-container elementor-column-gap-default\">\n\t\t\t\t\t<div class=\"elementor-column elementor-col-100 elementor-top-column elementor-element elementor-element-1c816484\" data-id=\"1c816484\" data-element_type=\"column\">\n\t\t\t<div class=\"elementor-widget-wrap elementor-element-populated\">\n\t\t\t\t\t\t<div class=\"elementor-element elementor-element-7d9e1b3f animated-slow elementor-invisible elementor-widget elementor-widget-image\" data-id=\"7d9e1b3f\" data-element_type=\"widget\" data-settings=\"{&quot;_animation&quot;:&quot;zoomIn&quot;}\" data-widget_type=\"image.default\">\n\t\t\t\t<div class=\"elementor-widget-container\">\n\t\t\t<style>\/*! elementor - v3.20.0 - 13-03-2024 *\/\n.elementor-widget-image{text-align:center}.elementor-widget-image a{display:inline-block}.elementor-widget-image a img[src$=\".svg\"]{width:48px}.elementor-widget-image img{vertical-align:middle;display:inline-block}<\/style>\t\t\t\t\t\t\t\t\t\t<img fetchpriority=\"high\" decoding=\"async\" width=\"1080\" height=\"1080\" src=\"https:\/\/cassianapfaffenzeller.com.br\/wp-content\/uploads\/2024\/04\/cassiana-pfaffenzeller-psicoterapeuta.png\" class=\"attachment-full size-full wp-image-35\" alt=\"\" srcset=\"https:\/\/cassianapfaffenzeller.com.br\/wp-content\/uploads\/2024\/04\/cassiana-pfaffenzeller-psicoterapeuta.png 1080w, https:\/\/cassianapfaffenzeller.com.br\/wp-content\/uploads\/2024\/04\/cassiana-pfaffenzeller-psicoterapeuta-300x300.png 300w, https:\/\/cassianapfaffenzeller.com.br\/wp-content\/uploads\/2024\/04\/cassiana-pfaffenzeller-psicoterapeuta-1024x1024.png 1024w, https:\/\/cassianapfaffenzeller.com.br\/wp-content\/uploads\/2024\/04\/cassiana-pfaffenzeller-psicoterapeuta-150x150.png 150w, https:\/\/cassianapfaffenzeller.com.br\/wp-content\/uploads\/2024\/04\/cassiana-pfaffenzeller-psicoterapeuta-768x768.png 768w\" sizes=\"(max-width: 1080px) 100vw, 1080px\" \/>\t\t\t\t\t\t\t\t\t\t\t\t\t<\/div>\n\t\t\t\t<\/div>\n\t\t\t\t<div class=\"elementor-element elementor-element-435de254 elementor-widget elementor-widget-heading\" data-id=\"435de254\" data-element_type=\"widget\" data-widget_type=\"heading.default\">\n\t\t\t\t<div class=\"elementor-widget-container\">\n\t\t\t<style>\/*! elementor - v3.20.0 - 13-03-2024 *\/\n.elementor-heading-title{padding:0;margin:0;line-height:1}.elementor-widget-heading .elementor-heading-title[class*=elementor-size-]>a{color:inherit;font-size:inherit;line-height:inherit}.elementor-widget-heading .elementor-heading-title.elementor-size-small{font-size:15px}.elementor-widget-heading .elementor-heading-title.elementor-size-medium{font-size:19px}.elementor-widget-heading .elementor-heading-title.elementor-size-large{font-size:29px}.elementor-widget-heading .elementor-heading-title.elementor-size-xl{font-size:39px}.elementor-widget-heading .elementor-heading-title.elementor-size-xxl{font-size:59px}<\/style><h1 class=\"elementor-heading-title elementor-size-default\">Cassiana Pfaffenzeller<\/h1>\t\t<\/div>\n\t\t\t\t<\/div>\n\t\t\t\t<div class=\"elementor-element elementor-element-68888fc3 elementor-widget elementor-widget-text-editor\" data-id=\"68888fc3\" data-element_type=\"widget\" data-widget_type=\"text-editor.default\">\n\t\t\t\t<div class=\"elementor-widget-container\">\n\t\t\t<style>\/*! elementor - v3.20.0 - 13-03-2024 *\/\n.elementor-widget-text-editor.elementor-drop-cap-view-stacked .elementor-drop-cap{background-color:#69727d;color:#fff}.elementor-widget-text-editor.elementor-drop-cap-view-framed .elementor-drop-cap{color:#69727d;border:3px solid;background-color:transparent}.elementor-widget-text-editor:not(.elementor-drop-cap-view-default) .elementor-drop-cap{margin-top:8px}.elementor-widget-text-editor:not(.elementor-drop-cap-view-default) .elementor-drop-cap-letter{width:1em;height:1em}.elementor-widget-text-editor .elementor-drop-cap{float:left;text-align:center;line-height:1;font-size:50px}.elementor-widget-text-editor .elementor-drop-cap-letter{display:inline-block}<\/style>\t\t\t\t<p data-pm-slice=\"1 1 []\"><strong>Psicoterapeuta<\/strong><\/p>\t\t\t\t\t\t<\/div>\n\t\t\t\t<\/div>\n\t\t\t\t<section class=\"elementor-section elementor-inner-section elementor-element elementor-element-34b4162c elementor-section-boxed elementor-section-height-default elementor-section-height-default\" data-id=\"34b4162c\" data-element_type=\"section\">\n\t\t\t\t\t\t<div class=\"elementor-container elementor-column-gap-default\">\n\t\t\t\t\t<div class=\"elementor-column elementor-col-100 elementor-inner-column elementor-element elementor-element-306d23bb\" data-id=\"306d23bb\" data-element_type=\"column\">\n\t\t\t<div class=\"elementor-widget-wrap elementor-element-populated\">\n\t\t\t\t\t\t<div class=\"elementor-element elementor-element-216f1deb elementor-align-center elementor-widget elementor-widget-button\" data-id=\"216f1deb\" data-element_type=\"widget\" data-widget_type=\"button.default\">\n\t\t\t\t<div class=\"elementor-widget-container\">\n\t\t\t\t\t<div class=\"elementor-button-wrapper\">\n\t\t\t<a class=\"elementor-button elementor-button-link elementor-size-lg elementor-animation-grow\" href=\"https:\/\/api.whatsapp.com\/send?phone=+5541998470333&#038;text=Quero%20falar%20com%20Cassiana%20Pfaffenzeller.\" target=\"_blank\">\n\t\t\t\t\t\t<span class=\"elementor-button-content-wrapper\">\n\t\t\t\t\t\t<span class=\"elementor-button-icon elementor-align-icon-left\">\n\t\t\t\t<svg aria-hidden=\"true\" class=\"e-font-icon-svg e-fab-whatsapp\" viewBox=\"0 0 448 512\" xmlns=\"http:\/\/www.w3.org\/2000\/svg\"><path d=\"M380.9 97.1C339 55.1 283.2 32 223.9 32c-122.4 0-222 99.6-222 222 0 39.1 10.2 77.3 29.6 111L0 480l117.7-30.9c32.4 17.7 68.9 27 106.1 27h.1c122.3 0 224.1-99.6 224.1-222 0-59.3-25.2-115-67.1-157zm-157 341.6c-33.2 0-65.7-8.9-94-25.7l-6.7-4-69.8 18.3L72 359.2l-4.4-7c-18.5-29.4-28.2-63.3-28.2-98.2 0-101.7 82.8-184.5 184.6-184.5 49.3 0 95.6 19.2 130.4 54.1 34.8 34.9 56.2 81.2 56.1 130.5 0 101.8-84.9 184.6-186.6 184.6zm101.2-138.2c-5.5-2.8-32.8-16.2-37.9-18-5.1-1.9-8.8-2.8-12.5 2.8-3.7 5.6-14.3 18-17.6 21.8-3.2 3.7-6.5 4.2-12 1.4-32.6-16.3-54-29.1-75.5-66-5.7-9.8 5.7-9.1 16.3-30.3 1.8-3.7.9-6.9-.5-9.7-1.4-2.8-12.5-30.1-17.1-41.2-4.5-10.8-9.1-9.3-12.5-9.5-3.2-.2-6.9-.2-10.6-.2-3.7 0-9.7 1.4-14.8 6.9-5.1 5.6-19.4 19-19.4 46.3 0 27.3 19.9 53.7 22.6 57.4 2.8 3.7 39.1 59.7 94.8 83.8 35.2 15.2 49 16.5 66.6 13.9 10.7-1.6 32.8-13.4 37.4-26.4 4.6-13 4.6-24.1 3.2-26.4-1.3-2.5-5-3.9-10.5-6.6z\"><\/path><\/svg>\t\t\t<\/span>\n\t\t\t\t\t\t<span class=\"elementor-button-text\">CLIQUE AQUI E FALE COMIGO NO WHATSAPP<\/span>\n\t\t<\/span>\n\t\t\t\t\t<\/a>\n\t\t<\/div>\n\t\t\t\t<\/div>\n\t\t\t\t<\/div>\n\t\t\t\t\t<\/div>\n\t\t<\/div>\n\t\t\t\t\t<\/div>\n\t\t<\/section>\n\t\t\t\t<section class=\"elementor-section elementor-inner-section elementor-element elementor-element-618938ed elementor-section-boxed elementor-section-height-default elementor-section-height-default\" data-id=\"618938ed\" data-element_type=\"section\">\n\t\t\t\t\t\t<div class=\"elementor-container elementor-column-gap-default\">\n\t\t\t\t\t<div class=\"elementor-column elementor-col-100 elementor-inner-column elementor-element elementor-element-7914e8c2\" data-id=\"7914e8c2\" data-element_type=\"column\">\n\t\t\t<div class=\"elementor-widget-wrap elementor-element-populated\">\n\t\t\t\t\t\t<div class=\"elementor-element elementor-element-1cfdf6aa elementor-align-center elementor-widget elementor-widget-button\" data-id=\"1cfdf6aa\" data-element_type=\"widget\" data-widget_type=\"button.default\">\n\t\t\t\t<div class=\"elementor-widget-container\">\n\t\t\t\t\t<div class=\"elementor-button-wrapper\">\n\t\t\t<a class=\"elementor-button elementor-button-link elementor-size-lg elementor-animation-grow\" href=\"https:\/\/www.instagram.com\/cassy.terapeuta\/\" target=\"_blank\">\n\t\t\t\t\t\t<span class=\"elementor-button-content-wrapper\">\n\t\t\t\t\t\t<span class=\"elementor-button-icon elementor-align-icon-left\">\n\t\t\t\t<svg aria-hidden=\"true\" class=\"e-font-icon-svg e-fab-instagram\" viewBox=\"0 0 448 512\" xmlns=\"http:\/\/www.w3.org\/2000\/svg\"><path d=\"M224.1 141c-63.6 0-114.9 51.3-114.9 114.9s51.3 114.9 114.9 114.9S339 319.5 339 255.9 287.7 141 224.1 141zm0 189.6c-41.1 0-74.7-33.5-74.7-74.7s33.5-74.7 74.7-74.7 74.7 33.5 74.7 74.7-33.6 74.7-74.7 74.7zm146.4-194.3c0 14.9-12 26.8-26.8 26.8-14.9 0-26.8-12-26.8-26.8s12-26.8 26.8-26.8 26.8 12 26.8 26.8zm76.1 27.2c-1.7-35.9-9.9-67.7-36.2-93.9-26.2-26.2-58-34.4-93.9-36.2-37-2.1-147.9-2.1-184.9 0-35.8 1.7-67.6 9.9-93.9 36.1s-34.4 58-36.2 93.9c-2.1 37-2.1 147.9 0 184.9 1.7 35.9 9.9 67.7 36.2 93.9s58 34.4 93.9 36.2c37 2.1 147.9 2.1 184.9 0 35.9-1.7 67.7-9.9 93.9-36.2 26.2-26.2 34.4-58 36.2-93.9 2.1-37 2.1-147.8 0-184.8zM398.8 388c-7.8 19.6-22.9 34.7-42.6 42.6-29.5 11.7-99.5 9-132.1 9s-102.7 2.6-132.1-9c-19.6-7.8-34.7-22.9-42.6-42.6-11.7-29.5-9-99.5-9-132.1s-2.6-102.7 9-132.1c7.8-19.6 22.9-34.7 42.6-42.6 29.5-11.7 99.5-9 132.1-9s102.7-2.6 132.1 9c19.6 7.8 34.7 22.9 42.6 42.6 11.7 29.5 9 99.5 9 132.1s2.7 102.7-9 132.1z\"><\/path><\/svg>\t\t\t<\/span>\n\t\t\t\t\t\t<span class=\"elementor-button-text\">CLIQUE AQUI E VISITE MEU INSTAGRAM<\/span>\n\t\t<\/span>\n\t\t\t\t\t<\/a>\n\t\t<\/div>\n\t\t\t\t<\/div>\n\t\t\t\t<\/div>\n\t\t\t\t<div class=\"elementor-element elementor-element-5cf4e0 elementor-widget elementor-widget-text-editor\" data-id=\"5cf4e0\" data-element_type=\"widget\" data-widget_type=\"text-editor.default\">\n\t\t\t\t<div class=\"elementor-widget-container\">\n\t\t\t\t\t\t\t<p><strong>Escolha um dos bot\u00f5es acima e entre em contato comigo.<\/strong><\/p>\t\t\t\t\t\t<\/div>\n\t\t\t\t<\/div>\n\t\t\t\t<div class=\"elementor-element elementor-element-3e82eed0 elementor-widget elementor-widget-text-editor\" data-id=\"3e82eed0\" data-element_type=\"widget\" data-widget_type=\"text-editor.default\">\n\t\t\t\t<div class=\"elementor-widget-container\">\n\t\t\t\t\t\t\t<p>A privacidade de nossos clientes \u00e9 uma prioridade para n\u00f3s. Para isso, seguimos rigorosamente as diretrizes da Lei Geral de Prote\u00e7\u00e3o de Dados (LGPD). Garantimos que todas as informa\u00e7\u00f5es coletadas s\u00e3o usadas apenas para os fins espec\u00edficos autorizados pelos usu\u00e1rios e que todas as medidas de seguran\u00e7a necess\u00e1rias s\u00e3o adotadas para proteg\u00ea-las.<\/p>\t\t\t\t\t\t<\/div>\n\t\t\t\t<\/div>\n\t\t\t\t\t<\/div>\n\t\t<\/div>\n\t\t\t\t\t<\/div>\n\t\t<\/section>\n\t\t\t\t\t<\/div>\n\t\t<\/div>\n\t\t\t\t\t<\/div>\n\t\t<\/section>\n\t\t\t\t<section class=\"elementor-section elementor-top-section elementor-element elementor-element-58c8e3e9 elementor-section-height-min-height elementor-section-boxed elementor-section-height-default elementor-section-items-middle\" data-id=\"58c8e3e9\" data-element_type=\"section\" data-settings=\"{&quot;background_background&quot;:&quot;gradient&quot;}\">\n\t\t\t\t\t\t<div class=\"elementor-container elementor-column-gap-default\">\n\t\t\t\t\t<div class=\"elementor-column elementor-col-100 elementor-top-column elementor-element elementor-element-292f979d\" data-id=\"292f979d\" data-element_type=\"column\">\n\t\t\t<div class=\"elementor-widget-wrap\">\n\t\t\t\t\t\t\t<\/div>\n\t\t<\/div>\n\t\t\t\t\t<\/div>\n\t\t<\/section>\n\t\t\t\t<\/div>\n\t\t","protected":false},"excerpt":{"rendered":"<p>Cassiana Pfaffenzeller Psicoterapeuta CLIQUE AQUI E FALE COMIGO NO WHATSAPP CLIQUE AQUI E VISITE MEU INSTAGRAM Escolha um dos bot\u00f5es acima e entre em contato comigo. A privacidade de nossos clientes \u00e9 uma prioridade para n\u00f3s. Para isso, seguimos rigorosamente as diretrizes da Lei Geral de Prote\u00e7\u00e3o de Dados (LGPD). Garantimos que todas as informa\u00e7\u00f5es [&hellip;]<\/p>\n","protected":false},"author":3,"featured_media":35,"parent":0,"menu_order":0,"comment_status":"closed","ping_status":"closed","template":"elementor_canvas","meta":{"footnotes":""},"class_list":["post-33","page","type-page","status-publish","has-post-thumbnail","hentry"],"yoast_head":"<!-- This site is optimized with the Yoast SEO plugin v24.4 - https:\/\/yoast.com\/wordpress\/plugins\/seo\/ -->\n<title>Cassiana Pfaffenzeller - Cassiana Pfaffenzeller<\/title>\n<meta name=\"description\" content=\"Cassiana Pfaffenzeller \u00e9 psicoterapeuta especialista em endometriose e criadora do M\u00e9todo F.E.M.E onde ela ajuda mulheres a tratar suas dores.\" \/>\n<meta name=\"robots\" content=\"index, follow, max-snippet:-1, max-image-preview:large, max-video-preview:-1\" \/>\n<link rel=\"canonical\" href=\"https:\/\/cassianapfaffenzeller.com.br\/\" \/>\n<meta property=\"og:locale\" content=\"pt_BR\" \/>\n<meta property=\"og:type\" content=\"article\" \/>\n<meta property=\"og:title\" content=\"Cassiana Pfaffenzeller - Cassiana Pfaffenzeller\" \/>\n<meta property=\"og:description\" content=\"Cassiana Pfaffenzeller \u00e9 psicoterapeuta especialista em endometriose e criadora do M\u00e9todo F.E.M.E onde ela ajuda mulheres a tratar suas dores.\" \/>\n<meta property=\"og:url\" content=\"https:\/\/cassianapfaffenzeller.com.br\/\" \/>\n<meta property=\"og:site_name\" content=\"Cassiana Pfaffenzeller\" \/>\n<meta property=\"article:modified_time\" content=\"2025-05-15T18:36:09+00:00\" \/>\n<meta property=\"og:image\" content=\"https:\/\/cassianapfaffenzeller.com.br\/wp-content\/uploads\/2024\/04\/cassiana-pfaffenzeller-psicoterapeuta.png\" \/>\n\t<meta property=\"og:image:width\" content=\"1080\" \/>\n\t<meta property=\"og:image:height\" content=\"1080\" \/>\n\t<meta property=\"og:image:type\" content=\"image\/png\" \/>\n<meta name=\"twitter:card\" content=\"summary_large_image\" \/>\n<meta name=\"twitter:label1\" content=\"Est. tempo de leitura\" \/>\n\t<meta name=\"twitter:data1\" content=\"1 minuto\" \/>\n<script type=\"application\/ld+json\" class=\"yoast-schema-graph\">{\"@context\":\"https:\/\/schema.org\",\"@graph\":[{\"@type\":\"WebPage\",\"@id\":\"https:\/\/cassianapfaffenzeller.com.br\/\",\"url\":\"https:\/\/cassianapfaffenzeller.com.br\/\",\"name\":\"Cassiana Pfaffenzeller - Cassiana Pfaffenzeller\",\"isPartOf\":{\"@id\":\"https:\/\/cassianapfaffenzeller.com.br\/#website\"},\"primaryImageOfPage\":{\"@id\":\"https:\/\/cassianapfaffenzeller.com.br\/#primaryimage\"},\"image\":{\"@id\":\"https:\/\/cassianapfaffenzeller.com.br\/#primaryimage\"},\"thumbnailUrl\":\"https:\/\/cassianapfaffenzeller.com.br\/wp-content\/uploads\/2024\/04\/cassiana-pfaffenzeller-psicoterapeuta.png\",\"datePublished\":\"2024-04-08T17:11:05+00:00\",\"dateModified\":\"2025-05-15T18:36:09+00:00\",\"description\":\"Cassiana Pfaffenzeller \u00e9 psicoterapeuta especialista em endometriose e criadora do M\u00e9todo F.E.M.E onde ela ajuda mulheres a tratar suas dores.\",\"breadcrumb\":{\"@id\":\"https:\/\/cassianapfaffenzeller.com.br\/#breadcrumb\"},\"inLanguage\":\"pt-BR\",\"potentialAction\":[{\"@type\":\"ReadAction\",\"target\":[\"https:\/\/cassianapfaffenzeller.com.br\/\"]}]},{\"@type\":\"ImageObject\",\"inLanguage\":\"pt-BR\",\"@id\":\"https:\/\/cassianapfaffenzeller.com.br\/#primaryimage\",\"url\":\"https:\/\/cassianapfaffenzeller.com.br\/wp-content\/uploads\/2024\/04\/cassiana-pfaffenzeller-psicoterapeuta.png\",\"contentUrl\":\"https:\/\/cassianapfaffenzeller.com.br\/wp-content\/uploads\/2024\/04\/cassiana-pfaffenzeller-psicoterapeuta.png\",\"width\":1080,\"height\":1080},{\"@type\":\"BreadcrumbList\",\"@id\":\"https:\/\/cassianapfaffenzeller.com.br\/#breadcrumb\",\"itemListElement\":[{\"@type\":\"ListItem\",\"position\":1,\"name\":\"Home\",\"item\":\"https:\/\/cassianapfaffenzeller.com.br\/\"},{\"@type\":\"ListItem\",\"position\":2,\"name\":\"Cassiana Pfaffenzeller\"}]},{\"@type\":\"WebSite\",\"@id\":\"https:\/\/cassianapfaffenzeller.com.br\/#website\",\"url\":\"https:\/\/cassianapfaffenzeller.com.br\/\",\"name\":\"Cassiana Pfaffenzeller\",\"description\":\"Psicoterapeuta\",\"potentialAction\":[{\"@type\":\"SearchAction\",\"target\":{\"@type\":\"EntryPoint\",\"urlTemplate\":\"https:\/\/cassianapfaffenzeller.com.br\/?s={search_term_string}\"},\"query-input\":{\"@type\":\"PropertyValueSpecification\",\"valueRequired\":true,\"valueName\":\"search_term_string\"}}],\"inLanguage\":\"pt-BR\"}]}<\/script>\n<!-- \/ Yoast SEO plugin. -->","yoast_head_json":{"title":"Cassiana Pfaffenzeller - Cassiana Pfaffenzeller","description":"Cassiana Pfaffenzeller \u00e9 psicoterapeuta especialista em endometriose e criadora do M\u00e9todo F.E.M.E onde ela ajuda mulheres a tratar suas dores.","robots":{"index":"index","follow":"follow","max-snippet":"max-snippet:-1","max-image-preview":"max-image-preview:large","max-video-preview":"max-video-preview:-1"},"canonical":"https:\/\/cassianapfaffenzeller.com.br\/","og_locale":"pt_BR","og_type":"article","og_title":"Cassiana Pfaffenzeller - Cassiana Pfaffenzeller","og_description":"Cassiana Pfaffenzeller \u00e9 psicoterapeuta especialista em endometriose e criadora do M\u00e9todo F.E.M.E onde ela ajuda mulheres a tratar suas dores.","og_url":"https:\/\/cassianapfaffenzeller.com.br\/","og_site_name":"Cassiana Pfaffenzeller","article_modified_time":"2025-05-15T18:36:09+00:00","og_image":[{"width":1080,"height":1080,"url":"https:\/\/cassianapfaffenzeller.com.br\/wp-content\/uploads\/2024\/04\/cassiana-pfaffenzeller-psicoterapeuta.png","type":"image\/png"}],"twitter_card":"summary_large_image","twitter_misc":{"Est. tempo de leitura":"1 minuto"},"schema":{"@context":"https:\/\/schema.org","@graph":[{"@type":"WebPage","@id":"https:\/\/cassianapfaffenzeller.com.br\/","url":"https:\/\/cassianapfaffenzeller.com.br\/","name":"Cassiana Pfaffenzeller - Cassiana Pfaffenzeller","isPartOf":{"@id":"https:\/\/cassianapfaffenzeller.com.br\/#website"},"primaryImageOfPage":{"@id":"https:\/\/cassianapfaffenzeller.com.br\/#primaryimage"},"image":{"@id":"https:\/\/cassianapfaffenzeller.com.br\/#primaryimage"},"thumbnailUrl":"https:\/\/cassianapfaffenzeller.com.br\/wp-content\/uploads\/2024\/04\/cassiana-pfaffenzeller-psicoterapeuta.png","datePublished":"2024-04-08T17:11:05+00:00","dateModified":"2025-05-15T18:36:09+00:00","description":"Cassiana Pfaffenzeller \u00e9 psicoterapeuta especialista em endometriose e criadora do M\u00e9todo F.E.M.E onde ela ajuda mulheres a tratar suas dores.","breadcrumb":{"@id":"https:\/\/cassianapfaffenzeller.com.br\/#breadcrumb"},"inLanguage":"pt-BR","potentialAction":[{"@type":"ReadAction","target":["https:\/\/cassianapfaffenzeller.com.br\/"]}]},{"@type":"ImageObject","inLanguage":"pt-BR","@id":"https:\/\/cassianapfaffenzeller.com.br\/#primaryimage","url":"https:\/\/cassianapfaffenzeller.com.br\/wp-content\/uploads\/2024\/04\/cassiana-pfaffenzeller-psicoterapeuta.png","contentUrl":"https:\/\/cassianapfaffenzeller.com.br\/wp-content\/uploads\/2024\/04\/cassiana-pfaffenzeller-psicoterapeuta.png","width":1080,"height":1080},{"@type":"BreadcrumbList","@id":"https:\/\/cassianapfaffenzeller.com.br\/#breadcrumb","itemListElement":[{"@type":"ListItem","position":1,"name":"Home","item":"https:\/\/cassianapfaffenzeller.com.br\/"},{"@type":"ListItem","position":2,"name":"Cassiana Pfaffenzeller"}]},{"@type":"WebSite","@id":"https:\/\/cassianapfaffenzeller.com.br\/#website","url":"https:\/\/cassianapfaffenzeller.com.br\/","name":"Cassiana Pfaffenzeller","description":"Psicoterapeuta","potentialAction":[{"@type":"SearchAction","target":{"@type":"EntryPoint","urlTemplate":"https:\/\/cassianapfaffenzeller.com.br\/?s={search_term_string}"},"query-input":{"@type":"PropertyValueSpecification","valueRequired":true,"valueName":"search_term_string"}}],"inLanguage":"pt-BR"}]}},"_links":{"self":[{"href":"https:\/\/cassianapfaffenzeller.com.br\/index.php?rest_route=\/wp\/v2\/pages\/33","targetHints":{"allow":["GET"]}}],"collection":[{"href":"https:\/\/cassianapfaffenzeller.com.br\/index.php?rest_route=\/wp\/v2\/pages"}],"about":[{"href":"https:\/\/cassianapfaffenzeller.com.br\/index.php?rest_route=\/wp\/v2\/types\/page"}],"author":[{"embeddable":true,"href":"https:\/\/cassianapfaffenzeller.com.br\/index.php?rest_route=\/wp\/v2\/users\/3"}],"replies":[{"embeddable":true,"href":"https:\/\/cassianapfaffenzeller.com.br\/index.php?rest_route=%2Fwp%2Fv2%2Fcomments&post=33"}],"version-history":[{"count":13,"href":"https:\/\/cassianapfaffenzeller.com.br\/index.php?rest_route=\/wp\/v2\/pages\/33\/revisions"}],"predecessor-version":[{"id":552,"href":"https:\/\/cassianapfaffenzeller.com.br\/index.php?rest_route=\/wp\/v2\/pages\/33\/revisions\/552"}],"wp:featuredmedia":[{"embeddable":true,"href":"https:\/\/cassianapfaffenzeller.com.br\/index.php?rest_route=\/wp\/v2\/media\/35"}],"wp:attachment":[{"href":"https:\/\/cassianapfaffenzeller.com.br\/index.php?rest_route=%2Fwp%2Fv2%2Fmedia&parent=33"}],"curies":[{"name":"wp","href":"https:\/\/api.w.org\/{rel}","templated":true}]}}